2798
What is the highest common factor of 6380169 and 3765?
753
Calculate the highest common divisor of 36121585 and 515.
515
What is the greatest common factor of 861280 and 586747?
5383
What is the greatest common divisor of 3942 and 190313847?
1971
Calculate the greatest common factor of 65096 and 23680112.
824
Calculate the highest common factor of 1 and 1419866.
1
Calculate the greatest common divisor of 125338 and 24864466.
4322
Calculate the highest common factor of 150334150 and 2874.
958
What is the highest common divisor of 19873 and 251197559?
2839
Calculate the greatest common factor of 54708 and 4888.
188
Calculate the highest common factor of 527269 and 1843.
19
What is the greatest common factor of 173990 and 387985?
635
Calculate the highest common divisor of 10494 and 87777063.
5247
Calculate the highest common divisor of 261 and 8711600.
29
Calculate the highest common divisor of 182825 and 2483225.
1775
Calculate the greatest common divisor of 7216539 and 5878290.
12507
What is the greatest common divisor of 245105 and 2588243?
329
What is the greatest common divisor of 1730100 and 21460350?
11850
What is the greatest common factor of 444629427 and 8052?
2013
Calculate the greatest common factor of 692012 and 103508.
452
Calculate the highest common divisor of 1482 and 356889.
39
Calculate the highest common divisor of 4641 and 5144334.
39
What is the greatest common factor of 880137888 and 288?
96
What is the highest common factor of 2567 and 1826647?
151
Calculate the highest common factor of 9704499 and 23667.
1029
Calculate the greatest common factor of 49891294 and 119.
17
What is the greatest common factor of 232 and 1057759456?
232
Calculate the greatest common factor of 1248 and 268578336.
1248
What is the greatest common divisor of 124117 and 11279449?
2533
What is the highest common factor of 1762128 and 144?
144
What is the highest common divisor of 1081459 and 25987?
1999
Calculate the greatest common divisor of 15462 and 52362.
18
Calculate the highest common factor of 16675807 and 205.
41
Calculate the greatest common divisor of 3033878785 and 35.
35
What is the highest common divisor of 37548 and 7105512?
1788
Calculate the greatest common divisor of 148493865 and 1130.
565
Calculate the greatest common factor of 636477210 and 5046.
5046
Calculate the greatest common divisor of 551031 and 3408.
213
What is the greatest common divisor of 41586312 and 24?
24
What is the highest common divisor of 2488 and 35906194?
622
What is the highest common factor of 109205173 and 529?
529
What is the highest common divisor of 7524 and 200068?
44
Calculate the highest common factor of 955518 and 1917.
213
Calculate the greatest common divisor of 725162 and 2.
2
What is the highest common divisor of 14202046 and 6649?
109
Calculate the greatest common factor of 1513989 and 10728.
1341
Calculate the greatest common factor of 789613912 and 32.
8
Calculate the greatest common divisor of 6894510 and 2730.
210
What is the highest common factor of 26450 and 2905325?
25
Calculate the greatest common divisor of 236 and 6935804.
236
What is the highest common divisor of 1336272714 and 1134?
1134
Calculate the highest common divisor of 3134617977 and 123.
123
Calculate the greatest common factor of 58549158 and 12.
6
What is the greatest common factor of 56 and 30907016?
56
What is the highest common divisor of 27637 and 267815?
29
Calculate the greatest common divisor of 4759061 and 2876.
719
What is the greatest common divisor of 225523751 and 1004?
251
Calculate the greatest common factor of 363 and 20210784.
33
What is the highest common divisor of 210663 and 56871?
801
What is the greatest common divisor of 41825139 and 3?
3
What is the greatest common divisor of 1710927 and 18834?
129
Calculate the greatest common factor of 17036201 and 364.
91
Calculate the greatest common factor of 8503 and 26004.
11
What is the highest common factor of 16259 and 12927737?
229
Calculate the greatest common divisor of 1296 and 208080.
144
What is the greatest common divisor of 8 and 17530712?
8
Calculate the highest common divisor of 2007 and 10193776.
223
Calculate the greatest common divisor of 3931863 and 13767.
39
What is the highest common divisor of 6209 and 160097?
7
What is the greatest common factor of 18 and 8594052?
6
What is the greatest common divisor of 4221530 and 870?
290
Calculate the greatest common divisor of 11 and 28844398.
11
Calculate the greatest common divisor of 83349 and 220549.
343
Calculate the highest common divisor of 1794806 and 156.
26
Calculate the highest common divisor of 7875 and 1446165.
315
Calculate the highest common factor of 32502 and 7026.
6
What is the greatest common factor of 731 and 96606767?
731
Calculate the greatest common divisor of 388096 and 633856.
1024
What is the highest common divisor of 34252240 and 80080?
880
Calculate the highest common divisor of 448 and 8421224.
56
What is the highest common divisor of 36 and 80716914?
18
Calculate the greatest common divisor of 79142 and 91.
7
What is the greatest common factor of 102 and 5104250?
34
Calculate the greatest common factor of 112032 and 965498.
778
Calculate the greatest common factor of 333513900 and 6.
6
Calculate the greatest common factor of 11914794 and 18.
18
Calculate the highest common factor of 6468398 and 2635.
527
What is the highest common divisor of 313214202 and 2394?
2394
What is the greatest common factor of 7848 and 216072?
72
What is the highest common factor of 312881 and 587?
1
Calculate the highest common divisor of 1969471 and 42.
7
Calculate the greatest common factor of 4724 and 121688.
4
What is the greatest common divisor of 1782124 and 67203?
2489
Calculate the highest common factor of 48523307 and 602.
301
What is the highest common divisor of 408728 and 17936?
152
Calculate the greatest common factor of 5063894 and 518.
74
Calculate the greatest common factor of 2100805 and 254709.
2177
What is the greatest common divisor of 1246 and 80965703?
623
What is the highest common divisor of 180480 and 17923920?
11280
Calculate the highest common divisor of 19826 and 65734.
46
What is the greatest common factor of 92887 and 15316746?
3203
Calculate the greatest common factor of 256966570 and 4088.
1022
What is the highest common factor of 22097237 and 41?
41
What is the highest common divisor of 3174 and 61508946?
3174
Calculate the highest common divisor of 2359 and 11564492.
337
What is the highest common factor of 28343520 and 2432?
32
What is the greatest common factor of 836 and 5660024?
76
Calculate the greatest common divisor of 1922676 and 864912.
5844
What is the highest common factor of 495940207 and 1778?
889
What is the greatest common factor of 964103 and 49966?
301
What is the highest common factor of 2 and 51664882?
2
What is the greatest common divisor of 763 and 216516728?
109
Calculate the highest common divisor of 2682 and 1227114.
18
Calculate the highest common divisor of 37041 and 979796185.
12347
Calculate the highest common divisor of 7135356 and 457284.
8628
What is the highest common divisor of 3026618 and 23002?
742
Calculate the greatest common divisor of 1950 and 25879500.
150
What is the greatest common factor of 1629030320 and 80?
80
Calculate the greatest common factor of 24024612 and 199349.
1223
Calculate the greatest common factor of 188 and 347804.
4
Calculate the greatest common factor of 74 and 307278414.
74
Calculate the greatest common factor of 720 and 2028595.
5
Calculate the greatest common factor of 12521036 and 4458.
1486
What is the highest common divisor of 6324 and 48858?
102
Calculate the highest common factor of 146432 and 6924544.
2816
Calculate the highest common divisor of 2604 and 556164.
84
What is the highest common factor of 6705320 and 640?
40
What is the highest common factor of 12805169 and 13?
13
What is the greatest common divisor of 44 and 3349632?
44
What is the greatest common divisor of 5108 and 100328782?
2554
Calculate the highest common divisor of 2330956 and 9089.
149
Calculate the greatest common factor of 576527149 and 11.
11
What is the highest common divisor of 8017216 and 704?
64
Calculate the greatest common divisor of 19030340 and 43